77 - -30. What is the greatest common divisor of p and 5029?
107
Let j = 22 - 13. Suppose -36*g + 428 + 268 + 600 = 0. Calculate the highest common factor of g and j.
9
Suppose 12*t = 81 - 333. Let p(y) = -y**2 - 24*y + 57. Let h be p(t). Let j = 31 + -19. What is the greatest common factor of j and h?
12
Let j = 214 + -416. Let b = j + 209. What is the highest common divisor of 35 and b?
7
Let x(p) = p**2 + 101*p + 730. Let u be x(-94). Calculate the greatest common divisor of u and 264.
24
Let s = -2999 - -3816. Calculate the highest common factor of 76 and s.
19
Let z = 537 - 221. Suppose -z = 15*a - 931. Let k = -54 + 136. What is the greatest common factor of a and k?
41
Suppose 0 = 2*u + 6, -5*k + 2*u + 127 + 14 = 0. Let n = 48 + k. Calculate the greatest common divisor of n and 825.
75
Let g(t) = -54*t**3 + 2*t**2 - 1. Let b be g(-1). Suppose -z = -0*r - 5*r + 25, -5*r = 5*z - 25. Calculate the highest common divisor of b and r.
5
Let b(y) = 2*y - 10. Let v be b(11). Suppose 2*f = 5*f - v. Suppose -j + 6*j = f*c + 26, 4*j - 12 = c. Calculate the greatest common divisor of 10 and j.
2
Let c(n) = -n**3 + 9*n**2. Let i be c(9). Let l be i + 8964/16 - (-3)/(-12). Let k be (3 - 25/10)*l. What is the highest common divisor of k and 40?
40
Let r(v) = -4*v**3 - 2*v**2 - 202*v + 21. Let n be r(-10). What is the highest common divisor of 9 and n?
9
Let w be 456/(-21) + 1*6/(-21). Let n = w + 24. Suppose 2*g + 2 = -z + 5*g, 0 = -n*z - 3*g + 14. What is the highest common divisor of z and 6?
2
Let x be (8/(-36))/((-14)/63). Let l(r) = 403*r + 4. Let v be l(x). What is the greatest common divisor of v and 22?
11
Let q(s) be the second derivative of -s**5/20 - 7*s**4/6 + 67*s**3/6 + 45*s**2/2 + s + 17. Let r be q(-18). What is the highest common divisor of 81 and r?
27
Let f be (946/516)/(1/60). Calculate the greatest common factor of 506 and f.
22
Let z(v) = -145*v**2 + 4*v. Let y be z(-1). Let a = y + 282. Suppose 10*o - 467 = a. What is the highest common factor of o and 10?
10
Let u(w) = 6*w**2 - 1. Let z = -9 + 8. Let s be u(z). Suppose -4*f + 3*i = -34, i - 54 = -5*f - i. Calculate the highest common factor of s and f.
5
Suppose 4*l + 14 = -2*j, -21 = 4*j - 3*j - 5*l. Let x be j/2*-1*12. Suppose -2*q - 38 + x = 0. What is the highest common divisor of q and 35?
7
Let i be 25/3*(-20 + 23) - (0 - -1). Let s = -779 + 1103. What is the highest common factor of s and i?
12
Let i = 296 - 242. Let t = 134 + -80. Calculate the highest common factor of t and i.
54
Suppose -3*k - 235 - 84 = -4*s, -20 = 4*k. What is the highest common divisor of 152 and s?
76
Suppose -41*d - 30 = -43*d. Let q(y) = 3*y - 37. Let p be q(d). Let f be p + (-1 - (-5 + 6)). Calculate the greatest common divisor of f and 10.
2
Let w = 8134 - 6782. Calculate the greatest common factor of w and 8.
8
Suppose -80*n - 2819 + 13699 = 0. What is the greatest common factor of n and 7208?
136
Let y be (-2)/(2/64 + (12 - 12)). Let i = -56 - y. Calculate the highest common divisor of 232 and i.
8
Let h be 2/(30/(-6) + 3). Let n be ((-4554)/36)/(h - (-3)/6). Calculate the highest common divisor of n and 46.
23
Suppose -3348 - 657 = -5*g + 5*n, 3*n = 2*g - 1593. What is the highest common factor of g and 495?
45
Let r = 326 + -321. Suppose 0 = -2*y - n + 4*n + 392, -3*y = r*n - 550. Calculate the greatest common divisor of y and 20.
10
Let a = 19 + 11. Suppose 0 = 4*y + a - 138. Calculate the highest common factor of 621 and y.
27
Suppose -3*d = 3*q - 18, 0 = -5*q + 2*d + 2*d - 6. Suppose 7*u + 2*x - 1394 = q*u, 3*u - 2*x - 846 = 0. Calculate the highest common divisor of 80 and u.
40
Suppose 0 = -16*f - 12*f - 112. Let x be f/(-30) + 75432/1260. Suppose 5*k = -o + 37, 13 + 1 = 2*o - 2*k. What is the highest common divisor of x and o?
12
Let y(m) = -28*m + 146. Let a(g) = 14*g - 74. Let p(r) = -11*a(r) - 6*y(r). Let t be p(12). What is the highest common factor of 159 and t?
53
Let h = 353 - 349. Let t = -12 - -11. Let k be -10*1/(t/4). Calculate the greatest common factor of h and k.
4
Let r(w) = -4*w**3 + 6*w**2 - 15*w - 22. Let o(c) = c**3 - c**2. Let u(v) = -5*o(v) - r(v). Let l be u(-6). What is the greatest common divisor of l and 32?
16
Suppose 2*u + 96 = l + 20, 4*l = -u + 277. Calculate the greatest common divisor of l and 34930.
70
Let i(f) = 10*f**2 - f - 1. Let s be i(1). Suppose 11*m = s*m + 660. Suppose -5*w + 55 = -m. Calculate the highest common divisor of w and 22.
11
Suppose 397 = 4*g - t, 4*g - 3*t = -4*t + 403. Suppose 0 = -2*b - 16 + g. Calculate the highest common factor of 105 and b.
21
Suppose -9*l + 1120 = 166. Suppose 2*d - l = 90. Calculate the greatest common factor of 147 and d.
49
Suppose -4*s + 7 = -21. Let q be 6/(s/(28/6)). Suppose x + 3*g - 50 = 0, -x + q*g - g + 38 = 0. Calculate the greatest common factor of 11 and x.
11
Suppose -2*i + 369 = -x, -8*i + 7*i = -3*x - 197. Let t be 2/((-2)/14*-2). Calculate the highest common factor of i and t.
7
Suppose -k + 41 = j - 78, -k + 114 = -4*j. What is the greatest common divisor of k and 5723?
59
Let v(p) = -10*p + 6. Let u be 220/(-18) - (-22)/99. Let k be ((-2)/(-6))/(u/612). Let t be v(k). Calculate the highest common factor of 16 and t.
16
Let j = 832 - -9664. Calculate the highest common factor of 164 and j.
164
Let o(w) = -89*w**2 - 18*w + 17. Let i be o(1). Let u be ((-2)/10 + 0)/(6/i). What is the highest common factor of 15 and u?
3
Let o(v) be the first derivative of 3*v - 16 - v**2 + 5/3*v**3 - 1/4*v**4. Let p be o(3). Calculate the highest common divisor of 3 and p.
3
Let i = 116 - -20. Suppose 10 = -2*f - 3*f, 0 = 2*c - 4*f - i. Let s be (2 - 4 - -20) + -2. Calculate the greatest common factor of s and c.
16
Let j = 470 + -218. Calculate the greatest common divisor of 8190 and j.
126
Suppose -1113*x + u - 134 = -1115*x, -4*u - 164 = -2*x. What is the greatest common divisor of 154 and x?
14
Let m(u) = u**3 + 22*u**2 - 68*u + 6. Let s be m(-24). Calculate the highest common divisor of 78 and s.
6
Suppose 13*z + 1050 - 3754 = 0. What is the greatest common divisor of z and 65?
13
Let r(p) = -37*p - 1 + 18*p + 19*p + 13*p. Let z be r(1). Let c = 155 - 131. Calculate the highest common factor of z and c.
12
Let i = 380 + -268. Suppose 0 = -i*s + 91*s + 1659. What is the highest common divisor of 1185 and s?
79
Let g be -1 + (2 - 1) + 13. Suppose 3*f + 12 = 0, 3*f + 19 = s - f. Let n be s/((-6)/(-2)*(-4)/(-52)). Calculate the greatest common divisor of n and g.
13
Let b = 35 + -31. Suppose 3*x - 21 = b*w - 0*x, 4*w + 9 = -x. Let g be (-27)/(-4)*(-16)/w. Calculate the greatest common divisor of 54 and g.
18
Suppose -106*x = -111*x + 380. Calculate the highest common divisor of x and 741.
19
Let j = 5056 + -3208. Calculate the greatest common divisor of 24 and j.
24
Let p be (612/(-10))/(-1 - 7/(-10)). Let s be 68/p + (-209)/(-3). What is the greatest common divisor of s and 35?
35
Let j be (-4)/(-11) + 291490/2266. Calculate the greatest common factor of 36 and j.
3
Let z = -17313 - -17788. What is the greatest common divisor of 1775 and z?
25
Let h(v) = -v**3 + 41*v**2 - 5*v + 343. Let w be h(41). Let i be (-2758)/(-8) + 1/4. What is the highest common factor of w and i?
69
Suppose -13*d - 234 = 3*d - 1754. Calculate the greatest common divisor of d and 171.
19
Let m(n) = n**2 - 123. Let v(f) = 2*f - 6. Let w be v(9). Let y be m(w). Calculate the highest common factor of 7 and y.
7
Let c be 98124/(-370)*(-15)/6. What is the greatest common factor of 312 and c?
39
Suppose 0 = -3*b - f + 4779, -306*b + 304*b = 3*f - 3200. Let l be 43/((-3)/9*-3). Calculate the highest common divisor of b and l.
43
Suppose 2*j - 556 = -q, q + 122 = 5*j - 1275. Let a = 34 + -25. What is the greatest common factor of j and a?
9
Suppose -3*c - 235 - 3 = 2*d, 3*c - 3*d = -243. Let h = 60 + c. Let n be (195/h)/(-2 - 13/(-8)). What is the highest common factor of 65 and n?
13
Let q = -2326 - -8049. What is the greatest common factor of q and 97?
97
Suppose -18*v + 79 = -65. Let c be 468/v + (-20)/8. What is the greatest common factor of c and 84?
28
Suppose 5*w - 1352 = 2*v, w + 223 = v + 893. Let n = -105 - v. What is the greatest common factor of 102 and n?
51
Suppose -11 = -73*l + 427. Calculate the highest common factor of